of 5963?
6
What is the hundreds digit of 461?
4
What is the tens digit of 57706?
0
What is the hundreds digit of 64457?
4
What is the tens digit of 1135?
3
What is the hundreds digit of 919?
9
What is the thousands digit of 37704?
7
What is the tens digit of 108466?
6
What is the thousands digit of 4886?
4
What is the tens digit of 71?
7
What is the hundreds digit of 4085?
0
What is the units digit of 319?
9
What is the units digit of 849?
9
What is the units digit of 48075?
5
What is the hundreds digit of 2119?
1
What is the tens digit of 3471?
7
What is the ten thousands digit of 98309?
9
What is the tens digit of 1006?
0
What is the tens digit of 1462?
6
What is the hundreds digit of 17534?
5
What is the ten thousands digit of 50369?
5
What is the hundreds digit of 4512?
5
What is the tens digit of 10488?
8
What is the units digit of 33413?
3
What is the tens digit of 59691?
9
What is the units digit of 105109?
9
What is the units digit of 96810?
0
What is the ten thousands digit of 18568?
1
What is the hundreds digit of 1375?
3
What is the tens digit of 1396?
9
What is the units digit of 73?
3
What is the tens digit of 19929?
2
What is the tens digit of 58461?
6
What is the hundreds digit of 1169?
1
What is the units digit of 64129?
9
What is the units digit of 8443?
3
What is the hundreds digit of 1402?
4
What is the tens digit of 14161?
6
What is the units digit of 702?
2
What is the units digit of 4298?
8
What is the tens digit of 17243?
4
What is the thousands digit of 18217?
8
What is the hundreds digit of 47885?
8
What is the tens digit of 1771?
7
What is the units digit of 29813?
3
What is the tens digit of 162?
6
What is the units digit of 35515?
5
What is the tens digit of 120171?
7
What is the units digit of 10983?
3
What is the hundreds digit of 325?
3
What is the units digit of 1357?
7
What is the tens digit of 9699?
9
What is the tens digit of 97?
9
What is the ten thousands digit of 17539?
1
What is the hundreds digit of 948?
9
What is the units digit of 945?
5
What is the tens digit of 9675?
7
What is the hundreds digit of 6032?
0
What is the tens digit of 3376?
7
What is the hundreds digit of 37258?
2
What is the thousands digit of 17375?
7
What is the units digit of 250?
0
What is the hundreds digit of 8702?
7
What is the tens digit of 6346?
4
What is the thousands digit of 6224?
6
What is the thousands digit of 21734?
1
What is the hundreds digit of 82650?
6
What is the thousands digit of 97776?
7
What is the hundreds digit of 1507?
5
What is the tens digit of 24218?
1
What is the tens digit of 745?
4
What is the thousands digit of 1608?
1
What is the thousands digit of 4121?
4
What is the ten thousands digit of 19530?
1
What is the thousands digit of 7423?
7
What is the tens digit of 51715?
1
What is the tens digit of 11906?
0
What is the units digit of 22474?
4
What is the hundreds digit of 11875?
8
What is the tens digit of 3059?
5
What is the units digit of 10535?
5
What is the ten thousands digit of 23569?
2
What is the hundreds digit of 1581?
5
What is the units digit of 72?
2
What is the tens digit of 2664?
6
What is the thousands digit of 2337?
2
What is the units digit of 10118?
8
What is the thousands digit of 1523?
1
What is the units digit of 74?
4
What is the hundreds digit of 34793?
7
What is the hundreds digit of 6869?
8
What is the units digit of 6083?
3
What is the tens digit of 921?
2
What is the hundreds digit of 1739?
7
What is the hundreds digit of 501?
5
What is the tens digit of 6519?
1
What is the units digit of 1873?
3
What is the tens digit of 5861?
6
What is the tens digit of 1119?
1
What is the units digit of 40160?
0
What is the tens digit of 4127?
2
What is the units digit of 109?
9
What is the tens digit of 3861?
6
What is the ten thousands digit of 80204?
8
What is the hundreds digit of 7466?
4
What is the hundreds digit of 1097?
0
What is the tens digit of 210?
1
What is the hundreds digit of 1044?
0
What is the units digit of 2487?
7
What is the thousands digit of 83193?
3
What is the ten thousands digit of 115708?
1
What is the tens digit of 4161?
6
What is the thousands digit of 2686?
2
What is the thousands digit of 126351?
6
What is the tens digit of 23868?
6
What is the tens digit of 84?
8
What is the tens digit of 59844?
4
What is the hundreds digit of 726?
7
What is the hundreds digit of 3320?
3
What is the thousands digit of 21333?
1
What is the tens digit of 24610?
1
What is the hundreds digit of 599?
5
What is the hundreds digit of 9119?
1
What is the tens digit of 15101?
0
What is the ten thousands digit of 95301?
9
What is the tens digit of 52665?
6
What is the hundreds digit of 34815?
8
What is the thousands digit of 193437?
3
What is the thousands digit of 21208?
1
What is the ten thousands digit of 22525?
2
What is the thousands digit of 49423?
9
What is the hundreds digit of 436?
4
What is the ten thousands digit of 32322?
3
What is the units digit of 85021?
1
What is the hundreds digit of 3961?
9
What is the units digit of 4305?
5
What is the tens digit of 275?
7
What is the tens digit of 503?
0
What is the tens digit of 12250?
5
What is the hundreds digit of 395?
3
What is the thousands digit of 1972?
1
What is the thousands digit of 2448?
2
What is the units digit of 55128?
8
What is the ten thousands digit of 37853?
3
What is the hundreds digit of 41343?
3
What is the tens digit of 25245?
4
What is the units digit of 564?
4
What is the hundreds digit of 317?
3
What is the units digit of 8533?
3
What is the hundreds digit of 11952?
9
What is the thousands digit of 2744?
2
What is the tens digit of 806?
0
What is the hundreds digit of 379?
3
What is the tens digit of 3719?
1
What is the hundreds digit of 20345?
3
What is the tens digit of 1322?
2
What is the ten thousands digit of 94272?
9
What is the units digit of 52135?
5
What is the units digit of 2276?
6
What is the units digit of 139878?
8
What is the hundreds digit of 2928?
9
What is the thousands digit of 54477?
4
What is the tens digit of 707?
0
What is the thousands digit of 2086?
2
What is the tens digit of 30252?
5
What is the units digit of 582?
2
What is the hundreds digit of 2247?
2
What is the units digit of 40398?
8
What is the units digit of 896?
6
What is the thousands digit of 22781?
2
What is the tens digit of 577?
7
What is the hundreds digit of 2852?
8
What is the hundreds digit of 3033?
0
What is the hundreds digit of 2531?
5
What is the units digit of 20730?
0
What is the thousands digit of 1312?
1
What is the thousands digit of 8471?
8
What is the tens digit of 1351?
5
What is the thousands digit of 3664?
3
What is the hundreds digit of 642?
6
What is the thousands digit of 3204?
3
What is the units digit of 167964?
4
What is the hundreds digit of 3638?
6
What is the units digit of 66?
6
What is the thousands digit of 1813?
1
What is the thousands digit of 16441?
6
What is the hundreds digit of 1710?
7
What is the tens digit of 24396?
9
What is the thousands digit of 4289?
4
What is the tens digit of 1817?
1
What is the hundreds digit of 10795?
7
What is the hundreds digit of 1554?
5
What is the hundreds digit of 4486?
4
What is the hundreds digit of 17081?
0
What is the tens digit of 33691?
9
What is the thousands digit of 7597?
7
What is the thousands digit of 34938?
4
What is the units digit of 21658?
8
What is the hundreds digit of 2410?
4
What is the thousands digit of 5507?
5
What is the hundreds digit of 33183?
1
What is the thousands digit of 42491?
2
What is the tens digit of 5501?
0
What is the thousands digit of 4198?
4
What is the thousands digit of 1507?
1
What is the thousands digit of 43362?
3
What is the thousands digit of 1938?
1
What is the ten thousands digit of 60711?
6
What is the thousands digit of 5833?
5
What is the hundreds digit of 382?
3
What is the thousands digit of 1967?
1
What is the tens digit of 123981?
8
What is the tens digit of 738?
3
What is the ten thousands digit of 14876?
1
What is the thousands digit of 86813?
6
What is the hundreds digit of 583?
5
What is the hundreds digit of 265?
2
What is the tens digit of 50519?
1
What is the hundreds digit of 731?
7
What is the tens digit of 3478?
7
What is the hundreds digit of 38755?
7
What is the tens digit 